n 127 is divided by a.
1
Suppose 2*x + 108 = 5*g, -42 = -2*g + 23*x - 22*x. Calculate the remainder when 43/(2 + (-3)/2) is divided by g.
14
Suppose -37*z + 839 + 426 + 252 = 0. Calculate the remainder when 230 is divided by z.
25
Let o be 5 + (0/(-3))/(-3). Calculate the remainder when 7 is divided by o + (-5 - -1) - -2.
1
Let w(u) = -2*u**3 - 402*u**2 - 803*u - 1371. Let t = -90 - -140. What is the remainder when t is divided by w(-199)?
6
Let n(z) = 11*z**2 + 28*z + 5*z**2 + z**3 + 12 + 13 - 8*z. Calculate the remainder when n(-14) is divided by 20.
17
Suppose -4*g + 36 = 4*q, 0 = -3*g + g + 8*q + 58. Calculate the remainder when (-4392)/(-14) - ((-182)/49)/g is divided by 104.
2
Suppose 123 = 22*l - 199 - 470. Calculate the remainder when 483*(3 - (-28)/(-12)) is divided by l.
34
Let h = 285 - 281. Suppose -h*p = -3*i - 67, p - 5*i + 40 = 6*p. What is the remainder when 47 is divided by p?
8
Suppose 0 = -8*p + 4*p + 56. Suppose -285 - 295 = -4*q - 4*m, -4*m = -5*q + 725. Calculate the remainder when 3/(-12) - q/(-4) is divided by p.
8
Calculate the remainder when (-4134*(-10)/15)/4 is divided by 35.
24
Let z(d) = -d**3 - 3*d**2 + 7*d - 1. Suppose -10 = -0*t + 2*t. Calculate the remainder when 16/72 - (-1)/(27/642) is divided by z(t).
10
Suppose -3*f - 12 = -6*f - 5*t, 5*t + 20 = 5*f. Suppose -f*a - 79 = 77. Let g = a + 51. What is the remainder when 93 is divided by g?
9
Suppose -99 = -3*o - 90. Suppose -j + 72 - o = 0. What is the remainder when 272 is divided by j?
65
Suppose 5*h - 125 = -7*w + 2*w, -20 = -4*w. Let f = -65255 + 65430. Calculate the remainder when f is divided by h.
15
Let c be (-56)/(-96)*-8*1446/(-7). Let g = 976 - c. Calculate the remainder when 23 is divided by g.
11
Let w(s) = -2*s**2 + 20*s + 10. Let u be w(10). Suppose -x = -u + 1. Calculate the remainder when 125 is divided by (3 - 4)*x*(2 - 3).
8
Let u(w) = 7*w**2 - 2. Suppose -2*y + 3 + 9 = 0. Suppose -y*q - 8 = 4. What is the remainder when 103 is divided by u(q)?
25
Let x(q) = 2*q**2 + 35*q + 223. What is the remainder when x(-15) is divided by 2/(-3 - (-230)/76)?
72
Suppose -18 = -5*a + 92. Let r = 5949 - 5942. Calculate the remainder when a is divided by r.
1
Let t = -776 - -806. Suppose -5*h - 5*u = -t, 0 = -6*h + 3*h + 3*u + 42. Calculate the remainder when h is divided by 5.
0
Let o(r) = 2*r**3 - 14*r**2 - 7*r - 18. Suppose -43*i = -48*i + 40. Calculate the remainder when 98 is divided by o(i).
44
Suppose -270 = 1365*a - 1383*a. Calculate the remainder when 148 is divided by a.
13
Suppose -25*f + 9529 = 22*f - 34*f. What is the remainder when f is divided by 361?
11
Suppose 0 = 5*n - 13*n. Suppose 0 = 3*w - n*w - 540. Suppose w = 3*r + 12. Calculate the remainder when r is divided by 17.
5
Let s(u) = u**2 + 42*u - 1132. Calculate the remainder when s(23) is divided by 60.
3
Let z be 0/((-1)/(-2)*8/4). Suppose z = 6*o - 81 - 111. Calculate the remainder when 78 is divided by o/(-5)*10/(-4).
14
Let p be 7 - (-3 + (4 - 2)). Suppose -3*t + 1 = -p. Let y(q) = q**3 + 61*q**2 + 372*q - 319. What is the remainder when y(-54) is divided by t?
2
Let f(y) = 1969*y - 7448. What is the remainder when f(4) is divided by 114?
86
Let x(d) = 17*d**2 + 346*d - 30. Calculate the remainder when x(-23) is divided by 145.
135
Calculate the remainder when 1045 + ((-2)/3 - 6/18) is divided by 96.
84
Let m(v) = -20*v + 1. What is the remainder when m(-2) is divided by -2 - 22/(-9) - 17780/(-1143)?
9
Let q(d) = 2*d**2 - 165*d - 389. What is the remainder when 137 is divided by q(85)?
29
Let w = -272 - -274. Suppose 2*m - 19 = -3*c, 6*m - m = -w*c + 64. Calculate the remainder when 145 is divided by m.
5
Let i = 180 - 103. Let v(x) = 16*x - 138. Let u be v(6). What is the remainder when i is divided by ((-4)/3)/(6 + 254/u)?
21
Let b = -11565 + 11606. Calculate the remainder when 2758 is divided by b.
11
Suppose 2*k + 4*r - 272 = 6*r, 260 = 2*k - 5*r. Suppose -208 + k = -j. What is the remainder when j is divided by 26?
16
Suppose 0 = 10*l + 80 + 200. Suppose -2*z + 60 + 37 = -5*o, 3*o = -z + 54. Let p = l + z. Calculate the remainder when p is divided by 12.
11
Let x(v) = -1001*v + 5022. What is the remainder when 353 is divided by x(5)?
13
Let m = -325 - -319. Let f(v) = -68*v - 85. Calculate the remainder when f(m) is divided by 54.
53
Let w = -834 - -875. Let y = 121 + 41. What is the remainder when y is divided by w?
39
Let t = 953 + -906. What is the remainder when 1267 is divided by t?
45
Let o = 26154 + -26023. What is the remainder when 803 is divided by o?
17
Let i = 2845 + -2828. Calculate the remainder when i is divided by (2 - (-1)/(-3))*3.
2
Suppose -539*s + 14773 = -352*s. What is the remainder when 433 is divided by s?
38
Let x = 1122 - 802. Let g be 6/(-15) + 24/10. Suppose g*d = 7*d - x. What is the remainder when d is divided by 11?
9
Suppose 0 = 38*f + 20*f - 870. What is the remainder when 230/8 + (-6)/8 is divided by f?
13
Let w = -13636 - -13684. Calculate the remainder when 519 is divided by w.
39
Let n = -43630 + 46475. What is the remainder when n is divided by 941?
22
Let w(n) = -2*n**3 - 21*n**2 - 37*n - 75. What is the remainder when 3224 is divided by w(-9)?
14
Suppose -5*h = -9*h + 12. Suppose -7 - 8 = -h*v. Let o = 257 + -254. Calculate the remainder when v is divided by o.
2
Let v(d) = -8*d + 1. Let q(g) = 4429*g - 44257. Calculate the remainder when v(-5) is divided by q(10).
8
Suppose 47*a = 4*o + 51*a - 560, 418 = 3*o + a. What is the remainder when 1527 is divided by o?
137
Suppose 5145*c = 4968*c + 22479. Let u be (1 + 1)/(1*-1). What is the remainder when c is divided by u + (-34)/(0 - 1)?
31
Suppose -y + 6 = 5, -5*o + 664 = 4*y. What is the remainder when o is divided by 45?
42
Calculate the remainder when 3100 is divided by ((-65)/(-78) - (-1 - -2)) + 1206/108.
9
Suppose -3045 = -7*j + 5108 + 107. What is the remainder when j is divided by 303?
271
Let i(v) = -v + 11. Let q be i(6). Suppose f = b + 53, 3*f + 36 = -q*b + 171. Suppose 5*l = 140 + f. What is the remainder when l is divided by 13?
12
Let z(p) = -p**3 + 97*p**2 + 301*p - 69. Suppose 3*j = 2*j + 16. What is the remainder when z(100) is divided by j?
15
Suppose 10*o + 111 = 121. Let y(f) = 90*f - 27. Calculate the remainder when 308 is divided by y(o).
56
Let g = 153 + -77. What is the remainder when g is divided by 12/84 + 0 - 816/(-21)?
37
Suppose 5*r - 390 = 5*a, a + 3*r = 18 - 80. Let y = a - 26. Let z = -56 - y. Calculate the remainder when 86 is divided by z.
42
Suppose -58*l - 24*l = -11*l - 70787. Calculate the remainder when l is divided by 37.
35
Let c(i) = -11*i - 17. Let m(d) = 8*d**3 + 9*d**2 - 10*d + 10. Calculate the remainder when m(2) is divided by c(-6).
41
Suppose -979 = w - 278. Let h = w - -870. What is the remainder when h is divided by 36?
25
Let p(w) = 9*w + 264. Let s be p(-29). Suppose 4*q + 191 = 5*d, s*d + 4*q = 5*d - 74. What is the remainder when 123 is divided by d?
6
Suppose -5*q + 3*q + 1744 = -2*p, 2*q + 2*p - 1724 = 0. Calculate the remainder when q is divided by 68.
51
Suppose -10*j + 1281 = -3*j. What is the remainder when j is divided by 98?
85
Suppose 3*p = 2*p + 4. Let f = 1654 - 1625. What is the remainder when f is divided by p?
1
Suppose 783 = 5*w + 3*l, 875*w = 871*w + 5*l + 693. What is the remainder when 1943 is divided by w?
161
Let b = -1498 + 2506. Calculate the remainder when b is divided by 10.
8
Let c be (45/18)/((-3)/24*-10). Suppose -3*q - c*q = -3*j - 58, -2*q + j = -24. Calculate the remainder when 69 is divided by q.
13
Calculate the remainder when 610 is divided by 408/29 - (-52)/(-754).
8
Suppose -5*u = u - 78. Suppose -3*c = -4*w - 13, -4*c - c - 2*w - u = 0. Calculate the remainder when (-10)/14*-17 + c/7 is divided by 8.
4
Suppose -z = -2, 3*z + 38 + 4 = 2*t. What is the remainder when 2927 is divided by t?
23
Let t(n) = 85*n + 391. What is the remainder when t(-3) is divided by 31?
12
Let h(v) = 3*v**2 - 9*v - 31. Let z be h(-10). Let r = -330 + z. What is the remainder when 288 is divided by r?
27
Suppose -9 = -16*o + 13*o. Suppose -o*s + 11 + 127 = 0. What is the remainder when s is divided by 20?
6
Suppose -513*f + 546*f - 561 = 0. Let p = 199 + -119. Calculate the remainder when p is divided by f.
12
Suppose -97